 of 53758?
8
What is the units digit of 40796?
6
What is the units digit of 7339?
9
What is the units digit of 3764?
4
What is the units digit of 2779?
9
What is the tens digit of 5945?
4
What is the tens digit of 10715?
1
What is the units digit of 15?
5
What is the thousands digit of 109700?
9
What is the hundreds digit of 1165?
1
What is the hundreds digit of 1220?
2
What is the thousands digit of 129960?
9
What is the tens digit of 30032?
3
What is the hundreds digit of 5417?
4
What is the thousands digit of 3125?
3
What is the thousands digit of 99432?
9
What is the tens digit of 41670?
7
What is the hundreds digit of 3004?
0
What is the units digit of 2237?
7
What is the thousands digit of 13650?
3
What is the ten thousands digit of 14410?
1
What is the hundreds digit of 3887?
8
What is the ten thousands digit of 20019?
2
What is the tens digit of 40?
4
What is the hundreds digit of 751?
7
What is the hundreds digit of 3083?
0
What is the tens digit of 1125?
2
What is the ten thousands digit of 12414?
1
What is the hundred thousands digit of 194711?
1
What is the thousands digit of 13854?
3
What is the hundreds digit of 55492?
4
What is the hundred thousands digit of 103920?
1
What is the thousands digit of 1126?
1
What is the hundreds digit of 1093?
0
What is the hundreds digit of 1042?
0
What is the hundreds digit of 32582?
5
What is the units digit of 1233?
3
What is the thousands digit of 25209?
5
What is the hundreds digit of 12803?
8
What is the units digit of 945?
5
What is the units digit of 26710?
0
What is the ten thousands digit of 19111?
1
What is the units digit of 64?
4
What is the tens digit of 2570?
7
What is the tens digit of 1006?
0
What is the hundreds digit of 6488?
4
What is the tens digit of 2005?
0
What is the hundreds digit of 1348?
3
What is the tens digit of 27345?
4
What is the units digit of 16657?
7
What is the units digit of 1307?
7
What is the tens digit of 110?
1
What is the tens digit of 5144?
4
What is the hundreds digit of 341?
3
What is the tens digit of 7822?
2
What is the tens digit of 25734?
3
What is the units digit of 3423?
3
What is the thousands digit of 1426?
1
What is the units digit of 64162?
2
What is the tens digit of 32006?
0
What is the hundreds digit of 10636?
6
What is the units digit of 713?
3
What is the tens digit of 32104?
0
What is the ten thousands digit of 19142?
1
What is the thousands digit of 3272?
3
What is the units digit of 86305?
5
What is the tens digit of 269?
6
What is the hundreds digit of 2479?
4
What is the hundreds digit of 56424?
4
What is the hundreds digit of 688?
6
What is the units digit of 622?
2
What is the hundreds digit of 6442?
4
What is the hundreds digit of 18081?
0
What is the ten thousands digit of 171157?
7
What is the tens digit of 69795?
9
What is the ten thousands digit of 23088?
2
What is the thousands digit of 82001?
2
What is the tens digit of 9999?
9
What is the units digit of 1300?
0
What is the units digit of 101?
1
What is the tens digit of 122990?
9
What is the tens digit of 1607?
0
What is the thousands digit of 1127?
1
What is the units digit of 3435?
5
What is the tens digit of 184111?
1
What is the units digit of 279?
9
What is the thousands digit of 5476?
5
What is the hundreds digit of 20682?
6
What is the tens digit of 802?
0
What is the units digit of 118347?
7
What is the thousands digit of 24074?
4
What is the thousands digit of 21222?
1
What is the thousands digit of 10821?
0
What is the thousands digit of 16966?
6
What is the tens digit of 808?
0
What is the units digit of 5664?
4
What is the units digit of 18237?
7
What is the tens digit of 2558?
5
What is the thousands digit of 8192?
8
What is the hundreds digit of 7329?
3
What is the units digit of 655?
5
What is the units digit of 1242?
2
What is the tens digit of 12815?
1
What is the hundreds digit of 1596?
5
What is the hundreds digit of 255?
2
What is the units digit of 3218?
8
What is the tens digit of 1065?
6
What is the tens digit of 13868?
6
What is the hundreds digit of 4680?
6
What is the hundreds digit of 5168?
1
What is the thousands digit of 12851?
2
What is the tens digit of 11971?
7
What is the units digit of 61842?
2
What is the thousands digit of 90095?
0
What is the ten thousands digit of 121303?
2
What is the thousands digit of 1319?
1
What is the hundreds digit of 2574?
5
What is the hundreds digit of 3242?
2
What is the tens digit of 94550?
5
What is the ten thousands digit of 23242?
2
What is the ten thousands digit of 12245?
1
What is the tens digit of 31939?
3
What is the tens digit of 223?
2
What is the hundreds digit of 6187?
1
What is the hundreds digit of 87718?
7
What is the hundreds digit of 690?
6
What is the hundreds digit of 665?
6
What is the thousands digit of 100364?
0
What is the thousands digit of 3449?
3
What is the tens digit of 34693?
9
What is the thousands digit of 1861?
1
What is the tens digit of 5026?
2
What is the units digit of 2577?
7
What is the units digit of 8582?
2
What is the tens digit of 9159?
5
What is the tens digit of 28375?
7
What is the units digit of 4919?
9
What is the ten thousands digit of 16274?
1
What is the tens digit of 1050?
5
What is the tens digit of 34258?
5
What is the units digit of 38881?
1
What is the units digit of 13672?
2
What is the hundreds digit of 8891?
8
What is the thousands digit of 21371?
1
What is the thousands digit of 9996?
9
What is the ten thousands digit of 23310?
2
What is the thousands digit of 1862?
1
What is the ten thousands digit of 46088?
4
What is the units digit of 9483?
3
What is the hundreds digit of 1872?
8
What is the tens digit of 3151?
5
What is the units digit of 17417?
7
What is the thousands digit of 2919?
2
What is the hundreds digit of 26447?
4
What is the tens digit of 16889?
8
What is the tens digit of 915?
1
What is the thousands digit of 1418?
1
What is the tens digit of 877?
7
What is the units digit of 3177?
7
What is the tens digit of 3983?
8
What is the thousands digit of 2650?
2
What is the units digit of 23284?
4
What is the thousands digit of 53006?
3
What is the tens digit of 634?
3
What is the hundreds digit of 5014?
0
What is the hundreds digit of 19361?
3
What is the hundreds digit of 47758?
7
What is the tens digit of 28705?
0
What is the ten thousands digit of 15175?
1
What is the thousands digit of 3345?
3
What is the thousands digit of 60331?
0
What is the units digit of 151?
1
What is the thousands digit of 6583?
6
What is the tens digit of 21193?
9
What is the tens digit of 12968?
6
What is the hundreds digit of 46845?
8
What is the thousands digit of 12403?
2
What is the hundreds digit of 361?
3
What is the ten thousands digit of 33658?
3
What is the units digit of 1022?
2
What is the thousands digit of 1432?
1
What is the tens digit of 676?
7
What is the thousands digit of 20779?
0
What is the tens digit of 2352?
5
What is the tens digit of 813?
1
What is the thousands digit of 31671?
1
What is the thousands digit of 9494?
9
What is the hundreds digit of 1465?
4
What is the hundreds digit of 42713?
7
What is the tens digit of 1955?
5
What is the tens digit of 83?
8
What is the ten thousands digit of 109187?
0
What is the hundreds digit of 840?
8
What is the tens digit of 18774?
7
What is the units digit of 1067?
7
What is the units digit of 624?
4
What is the units digit of 9030?
0
What is the thousands digit of 2126?
2
What is the thousands digit of 1672?
1
What is the hundreds digit of 55121?
1
What is the tens digit of 64147?
4
What is the tens digit of 2528?
2
What is the thousands digit of 3056?
3
What is the thousands digit of 1085?
1
What is the ten thousands digit of 55323?
5
What is the tens digit of 5040?
4
What is the units digit of 1242?
2
What is the units digit of 7014?
4
What is the tens digit of 72348?
4
What is the tens digit of 13981?
8
What is the tens digit of 5802?
0
What is the tens digit of 17087?
8
What is the thousands digit of 208166?
8
What is the units digit of 7245?
5
What is the hundreds digit of 6079?
0
What is the tens digit of 10974?
7
What is the units digit of 6431?
1
What is the tens digit of 8817?
1
What is the units digit of 106674?
4
What is the tens digit of 10125?
2
What is the tens digit of 642?